33. Is q prime?
True
Let r(l) = -l**3 + 46*l**2 + 42*l + 2. Is r(33) prime?
False
Is 32580/8 - (-6)/12 composite?
False
Is ((-11)/55)/(4/(-5))*120836 a prime number?
False
Suppose 4*p - 5*p + 4*r - 6 = 0, 0 = -p - r + 14. Suppose p*c - 5*v - 5931 = 7*c, 4*c - 7908 = 2*v. Is c composite?
True
Suppose 0 = 18*p + 2*p - 336860. Is p prime?
True
Let f = -100 - -152. Suppose 1 = 2*b + 5, -z + 89 = b. Let a = z - f. Is a composite?
True
Let j be 0 - 1/4 - 1107/(-108). Suppose -j*i + 26397 = -i. Is i a composite number?
True
Let d(x) = -141*x - 44. Let u be d(8). Is (-1)/((-2)/(-8) - (-297)/u) a composite number?
False
Let s = 17043 - 11966. Is s composite?
False
Is -3*(-4 + 29635/(-15)) a composite number?
False
Suppose 0 = 5*v - 7 + 37. Is (2438/(-4))/(3/v) a composite number?
True
Let j = -27 - -17. Let c(w) = 7*w**2 - 2*w + 23. Is c(j) a composite number?
False
Let y = -1440 + 2204. Let d = y + 1289. Is d a prime number?
True
Let p be (-7)/(-28) + 1/(-4). Suppose 2*a = -0*a + 8. Suppose 0 = -3*d - a*k + 511, p = 2*d - 2*k + 68 - 432. Is d composite?
True
Let m = 12 - -21. Is (m/(-22))/((-3)/118) a composite number?
False
Suppose -16 = 3*y - 2*r, -r - 1 + 5 = -y. Let s be (-2)/y + (-90)/(-24). Suppose -s*p = 4*i - 139 - 237, 4*i + p = 376. Is i composite?
True
Let i = 18 - 15. Let d(b) = b**3 - 3*b**2 - 2*b + 2. Let t be d(i). Is ((-958)/t)/((-8)/(-16)) a prime number?
True
Suppose -5*s - 3 = -s - 3*n, -2*s - 4 = -4*n. Suppose s*k - 1255 = -5*k. Is k a composite number?
False
Let h be 1308/15*(-5)/(-2). Let f = h - 60. Suppose -336 = -5*r + r - 3*i, f = 2*r + 4*i. Is r a composite number?
True
Let m = -2 - -2. Suppose -d + 6*d - 885 = m. Is d a prime number?
False
Let i(b) = b**3 - 9*b**2 - 11*b - 34. Is i(15) a prime number?
True
Is (912506/(-56))/(4/(-16)) prime?
True
Let f(a) = 2*a + 20. Let o be f(11). Let z = o - -339. Is z a prime number?
False
Let o(x) = 153*x**2 + x + 4. Let c be o(-3). Suppose 1726 = 4*w - c. Suppose -4*i + 1570 = 3*n, -4*i = -2*i - 3*n - w. Is i a prime number?
False
Suppose -6*w + 6 = -4*w. Let v be 0 - (w + -3) - 0. Suppose 52 = 2*h - v*h. Is h a prime number?
False
Is 1*-2 + 48978/18 a prime number?
True
Let k = 6971 - -5442. Suppose -k = -3*x + 8236. Is x a prime number?
True
Let s be 64/(-5) + 5/(-25). Let u = 13 + s. Suppose u = 5*c + 3*k - 285 + 112, -2*c + 70 = k. Is c a composite number?
False
Let x(u) = 20*u + 23. Let s = -16 - -26. Let y be x(s). Is y*1 + (-7 - -5) composite?
True
Suppose 4*r + 6426 - 24862 = 0. Is r a composite number?
True
Let y = 756 - -1217. Is y a prime number?
True
Let t(z) = -z**3 - 8*z**2 - 9*z - 14. Let m be t(-7). Let h be ((-30)/(-35) - m)*707. Suppose -3*o = -o - 5*k - 624, 2*o + 4*k - h = 0. Is o composite?
False
Let d(t) = 88*t**3 + 5*t**2 - 33*t - 43. Is d(9) composite?
False
Let w(n) = -n**3 + n**2 + 19*n - 6. Let l(c) = -c**3 + 19*c - 5. Let m(r) = -2*l(r) + 3*w(r). Is m(-6) prime?
False
Let d = -208 + 1560. Suppose -5*v + 5113 + d = 0. Is v a composite number?
True
Is ((-51)/(-2))/(63/39018) a composite number?
True
Suppose 3*a = -x + 33051, 11017 = a - 40*x + 42*x. Is a composite?
True
Let x = 2 - -2. Suppose x*c - 822 = 1046. Suppose 0*i - c = -i. Is i composite?
False
Suppose -2*n = -k + 30, n + 1 = 2*k - 11. Let w = 34 + n. Suppose 460 = 3*x - 5*y, 252 + w = 2*x + 4*y. Is x a prime number?
False
Suppose 0 = -3*w + 2*h - 4, 0*w + 4 = 3*w + 2*h. Suppose w = j + 2*j. Suppose j*d = -v - d + 288, -2*d - 291 = -v. Is v composite?
True
Suppose 3*a - 5 = 8*a. Let w be ((-27)/(-36))/(a/(-4)). Let k(d) = 3*d**2 + d + 4. Is k(w) a prime number?
False
Let d be 18/2 + 3 - 4. Suppose -2316 = -d*a + 532. Let k = a - -231. Is k a prime number?
True
Let a(y) = -1 + 9*y**2 - 3*y + y**3 - 2*y + 0*y**3 - 1. Is a(-7) composite?
False
Let p(v) = v**2 + 28*v - 27. Is p(-30) prime?
False
Is (-11)/(-110) + (-829338)/(-20) prime?
True
Let p(h) = -3*h**3 - 36*h**2 - 3*h + 11. Is p(-12) composite?
False
Let z = 1450 + 5929. Is z composite?
True
Suppose -l - 134 = 2*d + 26, 3*d + 4*l + 245 = 0. Let p = d + 156. Is p a composite number?
True
Let c = 2585 + 1560. Is c a prime number?
False
Let r = 4771 + -1122. Is r a prime number?
False
Suppose 23*l - 290774 + 50631 = 0. Is l a prime number?
False
Suppose -14*n + 11*n + 4*g + 4368 = 0, -g = -2*n + 2917. Let a = -831 + n. Is a prime?
False
Let h = -8769 + 17505. Suppose -4*l - y + h = -7777, -y - 8249 = -2*l. Is l composite?
False
Let l(c) = -c**2 - c - 1. Let g(t) = 7*t**2 + 4*t + 19. Let h(v) = -g(v) - 5*l(v). Let m be h(7). Let z = m - -324. Is z a composite number?
True
Let b(o) = o + 3. Let x be b(-5). Let t be ((-50)/15)/(x/3). Suppose -263 = -t*a + 2*m, -57 = -a - 4*m - 0*m. Is a a prime number?
True
Suppose 0 = -3*f + 76 - 31. Suppose 2*c + f = 7*c. Is 251/2*6/c a prime number?
True
Suppose -8 = -g - 142. Suppose 3*u - c = -7, 4 + 15 = -u - 3*c. Is (u/8)/(1/g) a composite number?
False
Let c(o) = o**3 + 10*o**2 + 14*o - 9. Let s be c(-8). Suppose -s*h = h - 2296. Is h composite?
True
Let s(h) be the first derivative of -11*h**2/2 - 13*h + 3. Let m be 5/(-4)*(-16)/(-2). Is s(m) a prime number?
True
Let h(r) = -64*r**3 - 6*r**2 + r + 5. Is h(-4) a prime number?
True
Let a(u) = -425*u + 46. Let n(r) = 283*r - 31. Let z(c) = -5*a(c) - 7*n(c). Is z(3) composite?
False
Let h be 438*(-2)/(-3) - 3. Let m = h - 162. Is m a prime number?
True
Suppose 6*c = 4*c + 956. Suppose 1306 = 8*v - c. Is v a prime number?
True
Suppose -13*s = -12*s - 12. Is (-13281)/(-18) + -1 - (-2)/s prime?
False
Let h = 6907 + -1176. Is h prime?
False
Let s(z) = -9*z - 6. Let u(t) = -18*t - 11. Let x(v) = 9*s(v) - 4*u(v). Is x(-11) composite?
False
Let h be (-20)/16*(-48)/(-2). Let c = -30 - h. Suppose 5*s - 3*s - 1774 = c. Is s a composite number?
False
Let v(z) = -20*z - 15. Let y(k) = -19*k - 16. Suppose 2 - 5 = -l. Let r(q) = l*y(q) - 4*v(q). Is r(5) a composite number?
False
Suppose 274 = h + 5*f, -5*f = -h - h + 533. Suppose -3*b - n + 2143 = -2*n, -2*b - n + 1427 = 0. Let z = b - h. Is z a prime number?
False
Let f(t) be the second derivative of -143*t**6/720 - t**4/3 + 4*t. Let i(y) be the third derivative of f(y). Is i(-1) a composite number?
True
Let m(p) = 139*p**2 + 11*p - 33. Is m(5) composite?
True
Let t = 112396 + -61565. Is t composite?
True
Suppose -3*g - 14 = -10*g. Is (-7)/((-2)/68*g) prime?
False
Let d(u) = -591*u + 85. Let x(g) = 296*g - 42. Let r(a) = -4*d(a) - 7*x(a). Is r(6) a prime number?
False
Suppose 0 = 8*l - 5*l + 2*k - 38, 3*k - 63 = -5*l. Let m(c) = -60*c + 16. Let o be m(l). Let g = o - -1345. Is g a composite number?
False
Let h be -60*((-88)/20 - -4). Let x = -21 + h. Is x composite?
False
Let y(s) = -169*s + 47. Is y(-6) a prime number?
True
Let o(y) = 17*y**2 + 273*y + 22*y**2 - 7 - 279*y. Is o(6) a prime number?
True
Let k be (-18 - -4)*442/(-4). Suppose 4000 = 3*h - k. Is h a composite number?
True
Let b = -737 + 5884. Is b composite?
False
Suppose 5*r = 3*r - 4*r. Is (-25164)/(-18) - (r + -1) prime?
True
Let q(i) = i**3 - 8. Let h be q(0). Let x be (h/(-1) + -3)/1. Is 105 - -3 - (-3 + x) a prime number?
False
Let t(l) = 5*l**2 + 8*l + 2. Let k be t(-11). Suppose -1376 - k = -5*b. Is b a prime number?
True
Suppose -10*f + 9*f = 13. Let j = -17 - f. Is (-1482)/j - (-9)/18 prime?
False
Suppose 21*f - 26*f + 10 = 0. Is (f/(-4))/((-3)/(-6168)*-2) composite?
True
Let x(t) = t**3 + 24*t**2 - 27*t - 42. Let i be x(-25). Let a(y) = 79*y**2 + 6*y - 27. Is a(i) a composite number?
False
Let b be (-1 + -2)*566/6. Let l be (3 - 5/5)/(1/258). Let p = l + b. Is p a composite number?
False
Suppose -16*a = -20*a + 108. Suppose -22*w + a*w - 11575 = 0. Is w composite?
True
Let q(v) = 2136*v**2 - 11*v. Is q(-1) a prime number?
False
Suppose 0 = 5*d - 2 - 13. Suppose 1248 - 358 = 2*x + 2*u, 3*u + 1323 = d*x. Is x a composite number?
False
Suppose -1 = 2*w - 3*w. Suppose w = 3*c - 14. Suppose 102 = c*p - 3*p. Is p a prime number?
False
Let l(v) = -12261*v + 158. Is l(-11) prime?
True
Suppose 26*g = 23*g + 759. Let w = g - -136. Is w a composite number?
False
Let b(h) be the second derivative of h**4/4 + 2*h**3/3 - h**2/2 + 2*h. Is b(8) composite?
False
Let s be 1 - -2 - (-10 - -6). Suppose -145 = s*c - 8*c. Is c prime?
False
Let n = 2314 - 1648. Let g = -4